{"id":6,"date":"2023-01-17T14:48:02","date_gmt":"2023-01-17T14:48:02","guid":{"rendered":"https:\/\/ourangelstories.com\/wordpress\/?page_id=6"},"modified":"2023-03-07T20:31:33","modified_gmt":"2023-03-07T20:31:33","slug":"create-your-website-with-blocks","status":"publish","type":"page","link":"https:\/\/ourangelstories.com\/wordpress\/","title":{"rendered":"Our Angels Stories with Dr. Tom Cole"},"content":{"rendered":"\n<figure class=\"wp-block-image size-large\"><img loading=\"lazy\" decoding=\"async\" width=\"1024\" height=\"232\" src=\"https:\/\/ourangelstories.com\/wordpress\/wp-content\/uploads\/2023\/02\/cropped-Angels-Among-Us-Type-Graphic-1024x232.png\" alt=\"\" class=\"wp-image-53\" srcset=\"https:\/\/ourangelstories.com\/wordpress\/wp-content\/uploads\/2023\/02\/cropped-Angels-Among-Us-Type-Graphic-1024x232.png 1024w, https:\/\/ourangelstories.com\/wordpress\/wp-content\/uploads\/2023\/02\/cropped-Angels-Among-Us-Type-Graphic-300x68.png 300w, https:\/\/ourangelstories.com\/wordpress\/wp-content\/uploads\/2023\/02\/cropped-Angels-Among-Us-Type-Graphic-768x174.png 768w, https:\/\/ourangelstories.com\/wordpress\/wp-content\/uploads\/2023\/02\/cropped-Angels-Among-Us-Type-Graphic.png 1386w\" sizes=\"auto, (max-width: 1024px) 100vw, 1024px\" \/><\/figure>\n\n\n\n<p><\/p>\n\n\n\n<div class=\"wp-block-media-text alignwide is-stacked-on-mobile\"><figure class=\"wp-block-media-text__media\"><img loading=\"lazy\" decoding=\"async\" width=\"600\" height=\"315\" src=\"https:\/\/ourangelstories.com\/wordpress\/wp-content\/uploads\/2023\/02\/Angel1.jpg\" alt=\"\" class=\"wp-image-57 size-full\" srcset=\"https:\/\/ourangelstories.com\/wordpress\/wp-content\/uploads\/2023\/02\/Angel1.jpg 600w, https:\/\/ourangelstories.com\/wordpress\/wp-content\/uploads\/2023\/02\/Angel1-300x158.jpg 300w\" sizes=\"auto, (max-width: 600px) 100vw, 600px\" \/><\/figure><div class=\"wp-block-media-text__content\">\n<p class=\"has-extra-large-font-size\">Do you have an angel story to share?<\/p>\n\n\n\n<p>Si quisiera leer esta p\u00e1gina en espa\u00f1ol, <a href=\"https:\/\/ourangelstories.com\/wordpress\/nuestros-cuentos-de-angeles-con-dr-tom-cole\/\">toque aqu\u00ed<\/a>.<\/p>\n<\/div><\/div>\n\n\n\n<hr class=\"wp-block-separator has-alpha-channel-opacity\"\/>\n\n\n\n<p class=\"has-extra-large-font-size\">I&#8217;d like to hear your story. I am writing a book about peoples&#8217; experiences with angels entitled, <em>Where Have All the Angels Gone?  <\/em><\/p>\n\n\n\n<hr class=\"wp-block-separator has-alpha-channel-opacity\"\/>\n\n\n\n<div class=\"wp-block-media-text alignwide has-media-on-the-right is-stacked-on-mobile is-vertically-aligned-center\"><div class=\"wp-block-media-text__content\">\n<p class=\"has-black-color has-text-color has-extra-large-font-size\"><a href=\"https:\/\/gsu.qualtrics.com\/jfe\/form\/SV_bkGpgKVcqSFGHLE\" target=\"_blank\" rel=\"noreferrer noopener\">Click here<\/a> to share your story.<\/p>\n\n\n\n<p class=\"has-black-color has-text-color has-extra-large-font-size\">Your story will help me.<\/p>\n\n\n\n<p class=\"has-large-font-size\">Thank you so much,<\/p>\n\n\n\n<p class=\"has-large-font-size\">Dr. Tom Cole<\/p>\n\n\n\n<p class=\"has-large-font-size\">Professor, McGovern Medical School, University of Texas-Houston<\/p>\n\n\n\n<p class=\"has-large-font-size\">Spiritual Director, Congregation Beth Israel, Houston<\/p>\n\n\n\n<p class=\"has-black-color has-text-color has-extra-large-font-size\"> &nbsp;<em>&nbsp;<\/em>&nbsp;&nbsp;<\/p>\n<\/div><figure class=\"wp-block-media-text__media\"><img loading=\"lazy\" decoding=\"async\" width=\"300\" height=\"300\" src=\"https:\/\/ourangelstories.com\/wordpress\/wp-content\/uploads\/2023\/02\/Angel2.jpg\" alt=\"\" class=\"wp-image-58 size-full\" srcset=\"https:\/\/ourangelstories.com\/wordpress\/wp-content\/uploads\/2023\/02\/Angel2.jpg 300w, https:\/\/ourangelstories.com\/wordpress\/wp-content\/uploads\/2023\/02\/Angel2-150x150.jpg 150w\" sizes=\"auto, (max-width: 300px) 100vw, 300px\" \/><\/figure><\/div>\n\n\n\n<p class=\"has-black-color has-text-color has-large-font-size\"><\/p>\n\n\n\n<div style=\"height:100px\" aria-hidden=\"true\" class=\"wp-block-spacer\"><\/div>\n","protected":false},"excerpt":{"rendered":"<p>Do you have an angel story to share? Si quisiera leer esta p\u00e1gina en espa\u00f1ol, toque aqu\u00ed. I&#8217;d like to hear your story. I am writing a book about peoples&#8217; experiences with angels entitled, Where Have All the Angels Gone? Click here to share your story. Your story will help me. Thank you so much,&hellip; <a class=\"more-link\" href=\"https:\/\/ourangelstories.com\/wordpress\/\">Continue reading <span class=\"screen-reader-text\">Our Angels Stories with Dr. Tom Cole<\/span><\/a><\/p>\n","protected":false},"author":1,"featured_media":0,"parent":0,"menu_order":0,"comment_status":"closed","ping_status":"closed","template":"","meta":{"footnotes":""},"class_list":["post-6","page","type-page","status-publish","hentry","entry"],"yoast_head":"<!-- This site is optimized with the Yoast SEO plugin v20.8 - https:\/\/yoast.com\/wordpress\/plugins\/seo\/ -->\n<title>Our Angels Stories with Dr. Tom Cole - Our Angel Stories with Dr. Tom Cole<\/title>\n<meta name=\"robots\" content=\"index, follow, max-snippet:-1, max-image-preview:large, max-video-preview:-1\" \/>\n<link rel=\"canonical\" href=\"https:\/\/ourangelstories.com\/wordpress\/\" \/>\n<meta property=\"og:locale\" content=\"en_US\" \/>\n<meta property=\"og:type\" content=\"article\" \/>\n<meta property=\"og:title\" content=\"Our Angels Stories with Dr. Tom Cole - Our Angel Stories with Dr. Tom Cole\" \/>\n<meta property=\"og:description\" content=\"Do you have an angel story to share? Si quisiera leer esta p\u00e1gina en espa\u00f1ol, toque aqu\u00ed. I&#8217;d like to hear your story. I am writing a book about peoples&#8217; experiences with angels entitled, Where Have All the Angels Gone? Click here to share your story. Your story will help me. Thank you so much,&hellip; Continue reading Our Angels Stories with Dr. Tom Cole\" \/>\n<meta property=\"og:url\" content=\"https:\/\/ourangelstories.com\/wordpress\/\" \/>\n<meta property=\"og:site_name\" content=\"Our Angel Stories with Dr. Tom Cole\" \/>\n<meta property=\"article:modified_time\" content=\"2023-03-07T20:31:33+00:00\" \/>\n<meta property=\"og:image\" content=\"https:\/\/ourangelstories.com\/wordpress\/wp-content\/uploads\/2023\/02\/cropped-Angels-Among-Us-Type-Graphic-1024x232.png\" \/>\n<meta name=\"twitter:card\" content=\"summary_large_image\" \/>\n<meta name=\"twitter:label1\" content=\"Est. reading time\" \/>\n\t<meta name=\"twitter:data1\" content=\"1 minute\" \/>\n<script type=\"application\/ld+json\" class=\"yoast-schema-graph\">{\"@context\":\"https:\/\/schema.org\",\"@graph\":[{\"@type\":\"WebPage\",\"@id\":\"https:\/\/ourangelstories.com\/wordpress\/\",\"url\":\"https:\/\/ourangelstories.com\/wordpress\/\",\"name\":\"Our Angels Stories with Dr. Tom Cole - Our Angel Stories with Dr. Tom Cole\",\"isPartOf\":{\"@id\":\"https:\/\/ourangelstories.com\/wordpress\/#website\"},\"datePublished\":\"2023-01-17T14:48:02+00:00\",\"dateModified\":\"2023-03-07T20:31:33+00:00\",\"breadcrumb\":{\"@id\":\"https:\/\/ourangelstories.com\/wordpress\/#breadcrumb\"},\"inLanguage\":\"en-US\",\"potentialAction\":[{\"@type\":\"ReadAction\",\"target\":[\"https:\/\/ourangelstories.com\/wordpress\/\"]}]},{\"@type\":\"BreadcrumbList\",\"@id\":\"https:\/\/ourangelstories.com\/wordpress\/#breadcrumb\",\"itemListElement\":[{\"@type\":\"ListItem\",\"position\":1,\"name\":\"Home\",\"item\":\"https:\/\/ourangelstories.com\/wordpress\/\"},{\"@type\":\"ListItem\",\"position\":2,\"name\":\"Our Angels Stories with Dr. Tom Cole\"}]},{\"@type\":\"WebSite\",\"@id\":\"https:\/\/ourangelstories.com\/wordpress\/#website\",\"url\":\"https:\/\/ourangelstories.com\/wordpress\/\",\"name\":\"Our Angel Stories with Dr. Tom Cole\",\"description\":\"\",\"potentialAction\":[{\"@type\":\"SearchAction\",\"target\":{\"@type\":\"EntryPoint\",\"urlTemplate\":\"https:\/\/ourangelstories.com\/wordpress\/?s={search_term_string}\"},\"query-input\":\"required name=search_term_string\"}],\"inLanguage\":\"en-US\"}]}<\/script>\n<!-- \/ Yoast SEO plugin. -->","yoast_head_json":{"title":"Our Angels Stories with Dr. Tom Cole - Our Angel Stories with Dr. Tom Cole","robots":{"index":"index","follow":"follow","max-snippet":"max-snippet:-1","max-image-preview":"max-image-preview:large","max-video-preview":"max-video-preview:-1"},"canonical":"https:\/\/ourangelstories.com\/wordpress\/","og_locale":"en_US","og_type":"article","og_title":"Our Angels Stories with Dr. Tom Cole - Our Angel Stories with Dr. Tom Cole","og_description":"Do you have an angel story to share? Si quisiera leer esta p\u00e1gina en espa\u00f1ol, toque aqu\u00ed. I&#8217;d like to hear your story. I am writing a book about peoples&#8217; experiences with angels entitled, Where Have All the Angels Gone? Click here to share your story. Your story will help me. Thank you so much,&hellip; Continue reading Our Angels Stories with Dr. Tom Cole","og_url":"https:\/\/ourangelstories.com\/wordpress\/","og_site_name":"Our Angel Stories with Dr. Tom Cole","article_modified_time":"2023-03-07T20:31:33+00:00","og_image":[{"url":"https:\/\/ourangelstories.com\/wordpress\/wp-content\/uploads\/2023\/02\/cropped-Angels-Among-Us-Type-Graphic-1024x232.png"}],"twitter_card":"summary_large_image","twitter_misc":{"Est. reading time":"1 minute"},"schema":{"@context":"https:\/\/schema.org","@graph":[{"@type":"WebPage","@id":"https:\/\/ourangelstories.com\/wordpress\/","url":"https:\/\/ourangelstories.com\/wordpress\/","name":"Our Angels Stories with Dr. Tom Cole - Our Angel Stories with Dr. Tom Cole","isPartOf":{"@id":"https:\/\/ourangelstories.com\/wordpress\/#website"},"datePublished":"2023-01-17T14:48:02+00:00","dateModified":"2023-03-07T20:31:33+00:00","breadcrumb":{"@id":"https:\/\/ourangelstories.com\/wordpress\/#breadcrumb"},"inLanguage":"en-US","potentialAction":[{"@type":"ReadAction","target":["https:\/\/ourangelstories.com\/wordpress\/"]}]},{"@type":"BreadcrumbList","@id":"https:\/\/ourangelstories.com\/wordpress\/#breadcrumb","itemListElement":[{"@type":"ListItem","position":1,"name":"Home","item":"https:\/\/ourangelstories.com\/wordpress\/"},{"@type":"ListItem","position":2,"name":"Our Angels Stories with Dr. Tom Cole"}]},{"@type":"WebSite","@id":"https:\/\/ourangelstories.com\/wordpress\/#website","url":"https:\/\/ourangelstories.com\/wordpress\/","name":"Our Angel Stories with Dr. Tom Cole","description":"","potentialAction":[{"@type":"SearchAction","target":{"@type":"EntryPoint","urlTemplate":"https:\/\/ourangelstories.com\/wordpress\/?s={search_term_string}"},"query-input":"required name=search_term_string"}],"inLanguage":"en-US"}]}},"_links":{"self":[{"href":"https:\/\/ourangelstories.com\/wordpress\/wp-json\/wp\/v2\/pages\/6","targetHints":{"allow":["GET"]}}],"collection":[{"href":"https:\/\/ourangelstories.com\/wordpress\/wp-json\/wp\/v2\/pages"}],"about":[{"href":"https:\/\/ourangelstories.com\/wordpress\/wp-json\/wp\/v2\/types\/page"}],"author":[{"embeddable":true,"href":"https:\/\/ourangelstories.com\/wordpress\/wp-json\/wp\/v2\/users\/1"}],"replies":[{"embeddable":true,"href":"https:\/\/ourangelstories.com\/wordpress\/wp-json\/wp\/v2\/comments?post=6"}],"version-history":[{"count":23,"href":"https:\/\/ourangelstories.com\/wordpress\/wp-json\/wp\/v2\/pages\/6\/revisions"}],"predecessor-version":[{"id":79,"href":"https:\/\/ourangelstories.com\/wordpress\/wp-json\/wp\/v2\/pages\/6\/revisions\/79"}],"wp:attachment":[{"href":"https:\/\/ourangelstories.com\/wordpress\/wp-json\/wp\/v2\/media?parent=6"}],"curies":[{"name":"wp","href":"https:\/\/api.w.org\/{rel}","templated":true}]}}